 631 + -658. Let j = x - y. What are the prime factors of j?
2, 13
List the prime factors of ((-6)/(-15))/((-7)/210)*-41.
2, 3, 41
Suppose -4*p = 3*w - 1960, -5*w + 2*w + 1936 = -2*p. Suppose 4*z = z + w. List the prime factors of z.
2, 3
Suppose -2*s + 1047 = -4*s - n, 3*s + 1554 = 4*n. What are the prime factors of (2/3)/((-4)/s)?
3, 29
Suppose -228*t + 5121 = -219*t. What are the prime factors of t?
569
Let o = 65 + -23. Let q = o - -1. List the prime factors of q.
43
Let z(h) be the first derivative of -h**4/4 - h**3/3 - 37*h + 2. Let c be z(0). Let k = -14 - c. What are the prime factors of k?
23
Let r be (-106)/8*(-4 - 0/(-2)). Let d = r - 4. What are the prime factors of d?
7
Let p(y) = y**3 + y + 3. Let u be p(0). Suppose 0 = 2*n - u*f - 103, -6*f + f - 211 = -4*n. List the prime factors of n.
59
Let l(t) = -65*t**3 - 4*t**2 - 2*t - 4. List the prime factors of l(-3).
1721
Let h be (-91)/(-52)*20*1. List the prime factors of (-2608)/(-20) - (-7)/(h/(-2)).
2, 5, 13
Let q = 724 + 158. List the prime factors of q.
2, 3, 7
Let v = 15626 - 11068. List the prime factors of v.
2, 43, 53
Let h be 8*2/(-4) + 4. Suppose 21 = -t + 5*m, -5*t + 2*m + 10 = -h*m. List the prime factors of t.
2
List the prime factors of (2028/(-10))/(17/(-85)) - 2.
2, 11, 23
Let v be -25*(8/(-5))/(-4). Let z = v - -25. List the prime factors of z.
3, 5
Suppose t = -101 - 343. What are the prime factors of t/(-10) - 30/(-50)?
3, 5
Let k = -76 - -192. Let h = -49 + k. List the prime factors of h.
67
Suppose 0 = 6*k - 3*k + 93. Let x = 124 - 77. Let f = k + x. List the prime factors of f.
2
Suppose m = 3*x + 18 - 73, x + 3*m = 25. Suppose -2*d - 4*f + x = -31, 12 = -3*f. List the prime factors of d.
3, 11
Suppose -1536 = -6*z - 0*z. Let t = z - 135. What are the prime factors of t?
11
Suppose 3*f = -2*u, 0 = -2*u + 6*u + 2*f - 8. Suppose 3*m - m = -2*d, -u*m = d. Suppose m = 8*i - 4*i - 36. What are the prime factors of i?
3
Let a = 421 - -10. What are the prime factors of a?
431
Suppose -5*g + 34 = 4*o - 31, 2*g = 2. Suppose 24*m - 29*m = o. Let w(c) = 5*c**2 - 8*c - 2. What are the prime factors of w(m)?
67
Let a(g) = -9*g - 22. Let q(o) = -10*o - 22. Let l(s) = -3*a(s) + 2*q(s). What are the prime factors of l(8)?
2, 3, 13
Let z = 61 - -384. List the prime factors of z.
5, 89
What are the prime factors of 78/273 + 53126/14?
3, 5, 11, 23
Let m = -37 - -55. List the prime factors of 13170/210 + (-1 - m/(-14)).
3, 7
Suppose 5*r - 2*o - 45 = 0, 2*o - 36 = -4*r + o. Let j be 2*(-3)/(-2) - 58/(-2). Let n = j - r. What are the prime factors of n?
23
Suppose 3*z - 5*c = 144, z + 5*c = 18 + 10. Let a = z + 15. List the prime factors of a.
2, 29
Let z(s) = -s**3 - 2*s**2 - 13*s + 12. What are the prime factors of z(-7)?
2, 3, 29
List the prime factors of 3155/5 + 3 + (-12)/4.
631
What are the prime factors of (-80036)/(-51) + 2/(-6) + 5?
2, 787
Let r(a) = 67*a + 13 - 12 - 4. What are the prime factors of r(2)?
131
List the prime factors of 1236 - (-4)/(-28)*7.
5, 13, 19
Let t(l) = 2*l**3 + 11*l**2 + 12. Let q(p) = -10*p**2 + p + 5 - 6*p**3 - 17 + 5*p**3. Let j(s) = 3*q(s) + 2*t(s). What are the prime factors of j(8)?
2, 3
Suppose -x = -4*n - 6, -n = 3*x - 2*n - 7. Suppose -3*j = x*j - 160. What are the prime factors of ((-24)/j)/(2/(-72))?
3
Let s = 83 + 266. List the prime factors of s.
349
What are the prime factors of ((-27)/(-6))/(-3)*(-26156)/39?
2, 503
Suppose -90 = -5*f + c, 4*f + 3*c = -0*f + 53. Suppose 0 = -2*a + f + 299. What are the prime factors of a?
2, 79
Suppose -9*i = -i + 280. Let c = i + 70. What are the prime factors of c?
5, 7
Suppose -63 = 2*a + 3*i, a - 2*i = -i - 19. Let n(v) = -v**3 - v**2 - v + 2. Let w be n(-2). List the prime factors of (6/w)/((-1)/a).
2, 3
Let z = -403 - -874. List the prime factors of z.
3, 157
Let n be 22/5 + (-15)/((-525)/(-14)). List the prime factors of n/(-18) - ((-1271)/9 - 0).
3, 47
Let i = -31 - -34. List the prime factors of -2*(i - 1) - -104.
2, 5
Let d(r) = r**3 + 126. Let v be d(0). Let c = v - 52. Suppose -4*o = -2*o - c. List the prime factors of o.
37
List the prime factors of ((-4022)/(-12))/((-42)/(-252)).
2011
Suppose -4*y = -15 - 1. Suppose 0*r + y = -r. List the prime factors of ((-14)/r)/((-13)/(-130)).
5, 7
Let x(o) = 8*o + 5. Let h be x(3). Let f = h + 11. Suppose -f - 70 = -5*r. What are the prime factors of r?
2, 11
List the prime factors of (-1)/(2/(-2202)*3).
367
Let r = -487 + 737. What are the prime factors of r?
2, 5
Let n(i) = 15*i**2 - 2*i - 23. What are the prime factors of n(-7)?
2, 3, 11
Let t = 61 - 36. Suppose -335 - t = -5*f. What are the prime factors of f?
2, 3
Suppose -7*s + 7726 + 667 = 0. What are the prime factors of s?
11, 109
Let r(l) be the first derivative of l**4/4 + 2*l**3/3 + 3*l**2/2 - 5*l - 52. What are the prime factors of r(4)?
103
Let a = -126 + 1616. List the prime factors of a.
2, 5, 149
Let o(r) = -r**2 - 8*r - 2. Let c be o(-9). Let j be -3 - (-3 - c)/(-2). Suppose -14 = -3*i + j. What are the prime factors of i?
5
Suppose 3*m - 2*u + 0*u - 17 = 0, -2*m = -4*u - 14. Suppose k - m = -4, q - 5 = -3*k. Suppose q*s = 3*s - 11. What are the prime factors of s?
11
Let p = 479 - -405. List the prime factors of p.
2, 13, 17
List the prime factors of ((-11056)/12)/(0 - 20/30).
2, 691
Let y(z) = -626*z + 12. What are the prime factors of y(-5)?
2, 1571
Let t(n) be the second derivative of n**5/20 + 7*n**4/12 - n**3/2 + 11*n**2/2 - 28*n. What are the prime factors of t(-6)?
5, 13
Let d be (-1)/(-5) - (-32292)/(-135). Let q = 491 + d. What are the prime factors of q?
2, 3, 7
Let k be ((8700/18)/(-5))/((-1)/3). List the prime factors of 8/(-48) + k/12.
2, 3
Let r(k) = -20*k**3 + 3*k**2 + 2*k + 11. Let m be r(-3). Suppose m = 7*p - 639. What are the prime factors of p?
173
Let p = 2167 - -1072. List the prime factors of p.
41, 79
Suppose -n + 2*w + 734 = 0, -w + 1493 = -4*n + 6*n. What are the prime factors of n?
2, 3, 31
Suppose 4*g + 3*x - 11 = 0, -g + 5 = g + x. Suppose z - g = 2. List the prime factors of 51*(1 + z/(-12)).
2, 17
Let s = -2988 - -4551. List the prime factors of s.
3, 521
Let u = 40 - -46. Suppose -33 = -m + 5*y + 23, -5*y + u = m. What are the prime factors of m?
71
Let o(a) = -6 - 271*a**2 + 272*a**2 - 3*a - 3. Let c be (-2 + (-2 - 0))*1. List the prime factors of o(c).
19
List the prime factors of ((-18662)/(-129))/(2/6).
2, 7, 31
Let z be -2*(2 - 1) + 6. Let s = 7 - z. Suppose 8*o = s*o + 30. What are the prime factors of o?
2, 3
Let b be 2/(-16) + (-455055)/(-120). Suppose 13*k + 3*k - b = 0. List the prime factors of k.
3, 79
List the prime factors of (4162 + -79)*(-2)/(-6).
1361
Let r(p) = 3*p**3 + 2*p - 5. Let m(y) = -y**2 - 1. Let j(s) = 4*m(s) - r(s). List the prime factors of j(-2).
13
Let d = -345 - -595. What are the prime factors of d?
2, 5
Let r(s) = 11*s**2 - s + 12. Let p(w) = 6*w**2 - w + 6. Let h(l) = 7*p(l) - 3*r(l). List the prime factors of h(5).
211
Let v(b) = -3*b**2 - 13*b - 2. Let z be v(-4). List the prime factors of (z + -3 - 302)*4/(-6).
2, 101
Let v(m) = 11*m**2 + 3*m**3 - 2 + 0*m**3 + 13*m - 7 - 4*m**3. Let b be v(12). Suppose -2*f - b*f = -50. What are the prime factors of f?
2, 5
Suppose t - 1802 = -3*a, 31*a - 35*a = -4*t - 2408. List the prime factors of a.
601
Let c = 87 + -82. Suppose -3*m + 496 = -3*u + c*u, -3*m - 4*u + 506 = 0. What are the prime factors of m?
2, 3
Suppose 0 = -4*y + 4, -4*y - 20 = 4*d + 12. Let p be 1/((2 - 3)/(-14)). Let z = d + p. List the prime factors of z.
5
Suppose 54*h = 62*h - 5392. List the prime factors of h.
2, 337
Let o = 22 + -15. Let z = 20 - o. Suppose 6*p - z - 89 = 0. List the prime factors of p.
17
List the prime factors of ((-53)/(-1))/(-10 + (-642)/(-64)).
2, 53
Let g be -7*(5 + -2 + -4). Suppose 43 = o + g. Suppose 4*k = -0*k + o. List the prime factors of k.
3
Let j = -6 + 10. Suppose 5 + j = -3*x. What are the prime factors of 3/(69/22 + x)?
2, 11
Suppose 3*f = -m + 6*m - 6, -3*m = -2*f - 4. Suppose m = 2*l - 2*v - 10 - 0, -2*l - 4*v = -34. What are the prime factors of l?
3
Let s = 91 + -202. Let h = 155 + s. List the prime factors of h.
2, 11
Let o = 84 + -114. What are the prime factors of (-2210)/o - 2/3?
73
Suppose -136*d + 138*d - 5*a = 1762, -5*a = -d + 871. List the prime fac